e first derivative of 13*p + 30 + 17/2*p**2. Is j(12) composite?
True
Let w = 212337 + -4984. Is w a composite number?
True
Suppose 15*p - 2*p = -32*p + 6994305. Is p a prime number?
False
Suppose -15*h + 11078 = 3503. Let f = 168 + h. Is f prime?
True
Let h be (30/(-12) + 3)*0. Suppose 3*f - 1869 = -5*v, -3*f - 4*v + 2041 - 172 = h. Is f composite?
True
Suppose -5*g - 2*f + f + 82 = 0, 0 = 2*f + 6. Let t = g - 41. Is ((-178)/(-6))/((-8)/t) prime?
True
Let j(i) = -i + 18. Let f be j(-5). Let v = f - 23. Suppose -5*r - b + 7763 - 1514 = v, 8 = 2*b. Is r prime?
True
Suppose -5*d = -3*s + 78496, 54*s = 55*s + 3*d - 26170. Is s a composite number?
True
Let y(w) = 6809*w + 536. Is y(9) a composite number?
True
Suppose 4*f - 1576612 = -60*u + 55*u, 3*u = f - 394153. Is f a prime number?
True
Let c(o) = 683*o + 1228. Is c(41) composite?
False
Suppose -15*a + 94290 = -20*a. Is a/(-30) - (-6)/15 prime?
False
Suppose 0 = 5*i + 5*c - 101600, 5*c = 27 - 32. Suppose 6*y - 7*y + i = 0. Is y a composite number?
True
Let v(z) = 10*z - 6 - z**3 - 4*z**2 + 20 + 0*z**2. Suppose -2*x + a - 25 = 0, -5*x + 6*a - 2*a = 70. Is v(x) a prime number?
False
Let j(w) = 44*w**3 + 19*w**2 + 54*w - 769. Is j(14) composite?
False
Let g(x) = -x**3 - 118*x**2 + 258*x + 121. Is g(-122) a composite number?
False
Let i = -659203 + 926916. Is i a prime number?
True
Let g(p) = -148*p + 133 - 305*p - 8. Is g(-32) a composite number?
False
Let d be -4*-1063*186/24. Let h = 62582 - d. Is h a prime number?
True
Let v(u) be the second derivative of -61*u**6/720 - u**5/20 + 5*u**4/12 + 21*u. Let n(m) be the third derivative of v(m). Is n(-3) prime?
False
Let w(x) = -41*x**3 + 5*x**2 - 12*x - 113. Let h be (3/3 + -7)/((-33)/(-44)). Is w(h) a composite number?
True
Let i = 32711 + -10372. Is i a composite number?
True
Let u(p) = -6*p**2 - 114*p + 36. Let a be u(-31). Let y = a - -3253. Is y a composite number?
True
Suppose h + 150 = 4*y - h, -2*h + 72 = 2*y. Suppose -2 = -5*q + 3*g + y, -2*g = 5*q - 49. Suppose 2*w - q = 5*w, 3*d + 4*w = 453. Is d a composite number?
True
Let d be 6/(-5) - 3420846/(-130). Suppose 5*u - 3176 - 23143 = -2*a, -2*a + u + d = 0. Is a a prime number?
False
Suppose 27176 = 20*k + 8016. Suppose -2*n + k = -o, -4*n = 8*o - 4*o - 1916. Is n a composite number?
False
Suppose 48*x = 55*x - 34643. Suppose 14*y + x = 21*y. Is y prime?
False
Let o(d) = -10*d - 1. Suppose -3*a + 5 = -8*a. Let j be o(a). Suppose -6*b - 477 = -j*b. Is b a prime number?
False
Let w(t) = -59*t**3 - 15*t**2 + 17*t - 229. Is w(-14) a prime number?
True
Let k be (0 - (0 - 1))/(8/36240). Let g = 1135 - k. Let v = g + 5518. Is v composite?
True
Let n(w) be the second derivative of 16*w**5/5 + w**4/4 - 5*w**3/6 + 3*w**2/2 + 2*w. Let v = 1218 + -1216. Is n(v) composite?
True
Let k(l) = -3*l**3 - 74*l**2 - 104*l - 255. Is k(-64) a prime number?
False
Let s be (1 + (-157110)/(-18))/((-2)/(-6)). Suppose -3*n - 5*b = n - 34918, 3*n + 4*b = s. Suppose 7*l - 921 = n. Is l prime?
False
Let n be 47567/5 - 12/30. Let j = n + -5804. Is j a prime number?
True
Let u(x) = 716*x - 5. Suppose 3*n - 5*l = -14, l - 8 = -l. Let a be u(n). Suppose 3*v + 5*p = a, -v + 3*p + 41 = -444. Is v a prime number?
True
Suppose 0 = 4*d + d + 5. Is d - 0 - -897 - (-40)/8 prime?
False
Suppose -20*n + 3524 = -10176. Let b = n - -1246. Is b prime?
True
Suppose 0 = 2*u - 16471 - 7355. Suppose 0 = -5*m - 5*q + 12961 + 6859, -4*q = -3*m + u. Is m composite?
False
Let y(r) = -24*r - 77. Let d be y(-3). Is (-833952)/(-40) - -6 - (-4)/d a composite number?
True
Let s = -53 - -57. Suppose 0 = 2*r - r + 3*d + 11, 0 = s*d + 20. Suppose 0 = 4*q - r, 3*q = 2*x - 2*q - 3965. Is x a prime number?
False
Let w(k) = 171*k**3 - 4*k**2 + k + 2. Let a be w(2). Let d = a - -617. Is d a composite number?
False
Let q = 120 - 99. Is ((-8813)/q)/((-4)/12*1) composite?
False
Let o = -22 + 24. Suppose 4*q + o*r = q + 11960, 0 = -4*q + 2*r + 15970. Suppose -q = -8*j - 398. Is j a prime number?
True
Let z(v) = -1591*v - 3. Let d be z(-1). Let f = d - 947. Suppose q - f = -0*q. Is q composite?
False
Is (-16)/4 + -45*(-243 - -10) composite?
True
Let b = 93 - -968. Is b composite?
False
Let a(y) = 4*y + 2. Let j be a(-6). Let k(w) = 17*w. Let l(t) = -44*t - 97. Let n(d) = -3*k(d) - l(d). Is n(j) a prime number?
True
Let w = 267373 + -156518. Is w composite?
True
Suppose 3*k = 4*y + 2286, -7*k = -5*k + 4*y - 1524. Let s = -64 - 447. Let w = s + k. Is w composite?
False
Let v(l) = -l + 23. Let y be v(12). Suppose 5*r + 4 = -y. Is -2*r/(-18 + 0)*-921 prime?
True
Suppose -j - 96963 = -2*j. Suppose -3*y + j = -5*f, -f - 3*y = 4*f + 96957. Is (f/20)/(-2) - (-2)/10 composite?
True
Suppose h = -64*h + 5015264 + 5338911. Is h prime?
False
Let z = -3087 + 2929. Suppose -4*j = -2*j - 570. Let t = z + j. Is t a prime number?
True
Suppose 4*f + 49725 - 497161 = 0. Is f a composite number?
True
Suppose 22*l - 4667156 = 21*l - 51*l. Is l a composite number?
False
Let d(q) = -q**2 - 9*q - 24. Let r be d(-3). Let z(u) = -157*u - 29. Is z(r) a prime number?
False
Let a(n) = -n**3 + n. Let b(z) = 872*z**3 + 7*z - 5. Let r(q) = -2*a(q) + b(q). Is r(2) composite?
False
Let t be -5 + 0/(-1) + -205. Let s = t + 533. Is s a prime number?
False
Suppose 0 = -57*j + 197611 + 1678658. Is j composite?
False
Suppose 341 = 5*z - 34. Suppose z*c = 73*c + 5182. Is c a composite number?
False
Suppose -5*l + 1089 = 139. Let y = 1097 - l. Is y a composite number?
False
Is (-12)/9 - (-10)/((-60)/(-493682)) prime?
True
Suppose -4*f + a = -3*a, -4*f = a - 10. Suppose 3*m + 4*j - 4617 = -0*j, 4*m = f*j + 6178. Is m composite?
False
Suppose 437*a + 422 = 438*a. Is a/2 + 17 + -17 composite?
False
Let p(y) = 277*y - 23. Let w be p(5). Let c = w + -972. Let f = c - -497. Is f a composite number?
False
Let p = -2706355 + 4557714. Is p a prime number?
True
Let n = -134 - -146. Is 32469/9 - (-1)/n*-8 composite?
False
Let i be 16/(-7 - -3) - -3. Let x be (i - (-1 + 3)) + (-380)/(-20). Suppose 56 + x = h + b, -5 = -b. Is h a composite number?
False
Suppose -16*g + g + 27240 = 0. Let x = g - 845. Is x a composite number?
False
Suppose d - 4*f = 170903, -d = f + 4*f - 170849. Is d a composite number?
True
Let v be -2426*(-3 - -5)*2/4. Is (v/3)/(14/(-21)) composite?
False
Let p(h) = -2*h**2 - 27*h - 26. Let t be p(-18). Let c = t - -1967. Is c a composite number?
True
Suppose 4*s - 449187 = -l, s = -22*l + 26*l + 112301. Is s a prime number?
True
Let l be (-16)/360*5 + 24590/9. Suppose -20*o = -14808 - l. Is o a composite number?
False
Let d(c) = -c + 2 + 2 - 9*c - 20 - c**2. Let f be d(-7). Suppose q - 567 = 2*l, -2*q + f*q + 3*l - 1656 = 0. Is q prime?
True
Let c = 43666 - -14401. Is c a composite number?
False
Suppose 0 = 88*j - 94*j + 18. Suppose j*w + 20*i - 18*i = 595, -4*i - 16 = 0. Is w a prime number?
False
Let n(y) = 12*y - 60. Let k be n(5). Suppose -s + 343 + 54 = k. Is s a prime number?
True
Let l be 1 + ((-5752)/16)/((-2)/4). Let d be 3 + ((-8)/(-4) - 0). Suppose -7*v + d*x + l = -2*v, 0 = -4*x - 4. Is v prime?
False
Suppose -1931687 = -4*a - 3*d, 7*a - 12*a + 2414705 = -10*d. Is a a prime number?
False
Let p = -24736 + 100503. Is p a composite number?
False
Let k(j) = -501*j + 34. Suppose -4*f + 2*f - 51 = 5*d, 32 = -4*f + 4*d. Is k(f) composite?
False
Suppose 3*d + 121 = 5*i, 5*i - 2*d - 111 = 8. Suppose 0 = -5*z + c + 3 + i, -c = z - 4. Suppose -z*s + 82 = -853. Is s a prime number?
False
Let w(o) = -133*o**2 - 23*o - 94. Let z be w(-7). Let c = z + 9909. Is c composite?
True
Let g(t) = -12367*t - 1. Let x be g(1). Let p = 21715 + x. Is p a prime number?
False
Suppose 3*v - 3*v = -3*v + 123813. Is v prime?
False
Let j be (-46)/(-14) - 42/147. Suppose -3*c - 1477 = -5*t, 577 = j*t - c - 306. Is t a composite number?
False
Let f be 24/156 - (-21654)/26. Suppose 33*y - 190 - f = 0. Is y composite?
False
Let f = -1923 - -3389. Let y = f + -253. Is y a composite number?
False
Suppose -3*k - 12 = 0, k = 4*t - 6 - 46. Suppose t*s - 8*s - 23992 = 0. Suppose -26*p + 24*p + s = 0. Is p composite?
False
Let l(p) = 3*p**2 + p**3 - 5*p - 3*p**2 + 4*p**2 + 5 + 0*p**3 + 10. Let g(k) = k**2 - 2. Let v be g(-3). Is l(v) a composite number?
True
Suppose 29*v + 56 = 43*v. Let r(z) = 6699*z - 49. Is r(v) composit